y 29.
26
Let k(t) = 10 - 5 - 10*t + 2*t. Calculate the remainder when k(-9) is divided by 20.
17
Let j(k) = k**3 - 4*k**2 + k + 2. Let y be j(3). What is the remainder when y/6*(-45)/10 is divided by 2?
1
Let q = -116 + 165. Let w(t) = -t**3 + 5*t**2 - 3*t. Let z be w(4). Suppose 3*b + 17 = z*b. Calculate the remainder when q is divided by b.
15
Suppose 0 = -3*d - 1 + 16. Suppose 44 = 5*o - 2*u, 0*u - 38 = -d*o - u. What is the remainder when 22 is divided by o?
6
Suppose 2*b - 6 = -2*z + 3*b, 4*b = -8. What is the remainder when 4 is divided by z?
0
Suppose -q - 3*g - 6 = 0, 5*g + 15 + 11 = q. Calculate the remainder when 28 is divided by q.
4
Let c(q) = q + 55. Let z = -125 - -244. Calculate the remainder when z is divided by c(-25).
29
Let t be 1 - (-4)/((-12)/(-21)). Suppose f - t = 6. What is the remainder when f is divided by (1 + -2)*3 - -8?
4
Let j = -45 + 59. Calculate the remainder when 55 is divided by j.
13
Suppose 2*h = -5*x + 14, 3*x + 40 = 2*h - 6. Let p = 31 + h. Suppose 3*t = 5*i - 2*t - 35, t = -4*i + p. Calculate the remainder when 21 is divided by i.
10
Suppose -2*d + 18 = 4. What is the remainder when d is divided by 2?
1
Suppose g + 69 - 76 = 0. What is the remainder when 75 is divided by g?
5
Let b = 82 + -78. What is the remainder when 4/(-2 + 4) - -11 is divided by b?
1
Suppose 3*q + 132 - 648 = 0. Let h be q/16*8/(-2). Let d = 71 + h. What is the remainder when d is divided by 10?
8
Let u(w) = -w**3 + 7*w**2 + 10*w. Calculate the remainder when 63 is divided by u(8).
15
Let m = 49 + -36. Calculate the remainder when 87 is divided by m.
9
Suppose 37 = -5*d + 232. What is the remainder when d is divided by 21?
18
Let b(c) = -c**2 - 19*c - 62. Calculate the remainder when 71 is divided by b(-14).
7
Let n be (-3)/(1 + 10/(-4)). Suppose 7*k + 25 = n*k. Let x = 7 + k. What is the remainder when 7 is divided by x?
1
Let m(j) = j**3 + 11*j**2 - 13*j - 9. Let f be m(-12). Suppose -10 = -f*x + 5, -4*y = -2*x - 166. Calculate the remainder when y is divided by 45/(-6)*(-1 - 1).
14
Suppose 13*r = 9*r + 500. Let w = 180 - r. Calculate the remainder when w is divided by (2 + 0)/((-2)/(-14)).
13
Suppose p - 4*p + 9 = 0. Suppose -3*t - 15 = 2*t, -n + 5 = p*t. Calculate the remainder when 53 is divided by n.
11
Let r be ((1 - -3) + -2)*1. Suppose 2*h - r = 4*q, q + 4 = 2*h - 1. Calculate the remainder when 8 is divided by h.
2
Let p = -29 - -55. What is the remainder when p is divided by 40/(-8) - -4 - -2*4?
5
Let i = -19 - -23. Let b = i + -1. Calculate the remainder when b is divided by 2.
1
Suppose -4*y + 40 = -40. Calculate the remainder when 76 is divided by y.
16
What is the remainder when 1857/27 - 2/(-9) is divided by 35?
34
Suppose f = -0*u - 5*u + 174, -u + 5*f = -40. Calculate the remainder when 69 is divided by u.
34
Let b(f) = -f**3 - 5*f**2 + 6*f. Let i be b(-6). Suppose 0 = 3*p + 5 - 17. What is the remainder when p is divided by (i - -5) + (-1 - 1)?
1
Let j(o) = 4*o**3 - 2*o + 1. Let b be j(1). Suppose b*h - 11 = 1. What is the remainder when 10 is divided by h?
2
Suppose 1 - 7 = -6*j. Calculate the remainder when 3 is divided by j.
0
Let n(f) = 113*f**2 + f + 1. Calculate the remainder when n(-1) is divided by 58.
55
Suppose 4*z + 2*u - 428 = -2*u, 5*u + 337 = 3*z. Calculate the remainder when z is divided by 37.
35
Suppose 0 = -2*t - 0*t + 16. Suppose 0 = 3*m - 13 - 26. What is the remainder when m is divided by t?
5
Let t = -2 - -6. Let p(a) = 4*a - 2. What is the remainder when p(t) is divided by 4?
2
Suppose 260 = 2*p + 2*p + 3*x, -5*p + 318 = 2*x. Calculate the remainder when p is divided by 22.
18
What is the remainder when 21 is divided by ((-2)/(-6))/(8/288)?
9
Let b(u) = -2*u**3 - 4*u**2 + 2*u + 3. Let h(j) = -5*j - 22. What is the remainder when h(-10) is divided by b(-3)?
13
Suppose -7*t = -2*t - 60. Suppose 5*y + 4*j + 3 = 0, -4*y - 7 + 3 = 4*j. Suppose 3*f + y = 22. Calculate the remainder when t is divided by f.
5
Suppose -2*v = 3*w + 28, v - 14 = 3*w + 8. Let h be 60/w*(-6)/5. Suppose -m - h = -4*m. What is the remainder when 7 is divided by m?
1
Let r be (3 + (2 - 0))*-1. Let w be (r/(5/38))/(-1). Suppose -3*y + w + 9 = -5*v, -y + 3*v + 17 = 0. Calculate the remainder when y is divided by 8.
6
Calculate the remainder when 24 is divided by -9 - -11 - (-6 - 2)*1.
4
Suppose 2*u - 29 - 31 = 0. What is the remainder when u is divided by 8?
6
Suppose -b = 5*a - 4*a + 23, 0 = 2*b - 4*a + 34. Let m(f) = f**2 + f - 28. Let l be m(0). What is the remainder when 10 is divided by 6/b - 92/l?
1
Let x = -45 - -71. Calculate the remainder when x is divided by 7.
5
Suppose 0 = -5*n + 19 - 4. Suppose 9 = -n*i - 3*r, 4*r + 20 = 2*i + 2*i. What is the remainder when 2 is divided by i?
0
Let x(v) = -3*v + 4*v + 19*v**3 - 2*v + 1. What is the remainder when x(1) is divided by 21/6*(3 - 1)?
5
Let g = 3 - -1. Suppose n - 2*n - g = 0. Let m = 5 - n. Calculate the remainder when 26 is divided by m.
8
Suppose -5*x + 2*x - 2*b - 34 = 0, 2*x + 2*b = -26. Let a = -7 - x. Calculate the remainder when 37 is divided by a - -1 - (-11 - 0).
11
Let v(c) = 24*c**3 - c**2. Calculate the remainder when 86 is divided by v(1).
17
Let k(t) = -t**2 + 10*t + 15. What is the remainder when 41 is divided by k(10)?
11
Suppose -6*g = -3*g. Let m(u) = u**2 + 3. Let w be m(g). Calculate the remainder when (-1)/w - 84/(-9) is divided by 5.
4
Suppose 2*h - 18 = 102. Calculate the remainder when h is divided by 21.
18
What is the remainder when 7 is divided by -3 + 2 + 5 - 2?
1
Let b(h) = -4*h - 1. Calculate the remainder when b(-6) is divided by 13.
10
Suppose 0 = -2*s - 3*s + 20. What is the remainder when 1 is divided by s/12*12/4?
0
Suppose 4*k - 14*k + 1530 = 0. What is the remainder when k is divided by 31?
29
Suppose 0 = 4*a + 4*x - 30 - 46, -4*x = 2*a - 42. Let f be -1 - 3*(-2 + 1). What is the remainder when 34 + -2 - (f - 2) is divided by a?
15
Calculate the remainder when 312/9 - 1/(-3) is divided by 12.
11
Let d = 78 - 32. Let v = 78 - d. What is the remainder when v is divided by 9?
5
Suppose -7*i - 2*a - 27 = -8*i, 0 = 5*i + 2*a - 87. What is the remainder when 111 is divided by i?
16
Calculate the remainder when (-238)/(-10) + 4/20 is divided by 13.
11
Let f = -16 + 42. Suppose -v + 5*r + 13 = 0, r = -v - 0*v + 1. Suppose -2*k - v*d + d = -10, 16 = -4*d. What is the remainder when f is divided by k?
8
Suppose 2*f - 19 = x, 1 = f - 4*x - 5. Calculate the remainder when f is divided by 4.
2
Suppose -16 - 14 = -2*k. What is the remainder when 59 + (4 + 2)/(-3) is divided by k?
12
Let z(l) = l**3 + 11*l**2 - 16*l - 9. Calculate the remainder when z(-12) is divided by 10.
9
Suppose 0 = -0*a - a + 53. Let n = -31 + a. What is the remainder when n is divided by 12?
10
Let v be (-8)/(-32) - 38/(-8). Suppose 2*q + 4*n = -0*n + 6, -5*q - v*n = -10. Calculate the remainder when 3 is divided by q.
0
Let h be 7/((-14)/8) - -20. Suppose -3*y + 3*w + 178 = -w, 4*w = -h. Calculate the remainder when y is divided by 15 - (0 + (-1 - -2)).
12
Let f = -5 - -19. What is the remainder when 39 is divided by f?
11
Suppose -b = 5*p, -3*b = 3*p - b. Suppose 2*l = -p*l + 12. Calculate the remainder when 19 is divided by l + (1 + -2 - -2).
5
Let j be ((-12)/8)/((-6)/(-16)). What is the remainder when (j/3)/(4/(-6)) is divided by 0/(-1) + 1*2?
0
Let n(z) = -4*z - 6. Let y be n(-6). Let b = y + -9. What is the remainder when 31 is divided by b?
4
Suppose -4*n + 3*z = 217, -4*n + z - 214 = -z. Let i = n + 86. Let o(w) = -18*w. Calculate the remainder when i is divided by o(-1).
16
Suppose 3*m + 2 + 6 = 2*u, -m = 5*u - 20. Suppose 0 = -2*r + 2*v + 28, -u*r + v + 50 = -0*v. Calculate the remainder when (23/(-2))/(5/(-10)) is divided by r.
11
Let s = -17 - -26. Let m = 114 + -90. Calculate the remainder when m is divided by s.
6
Let i = 13 - -36. Let x be 26/4 + (-2)/(-4). Calculate the remainder when i is divided by (x - 6) + 16*1.
15
Let r = -37 - -61. Suppose 20 = y - r. What is the remainder when y is divided by 23?
21
Let g be (3*19)/(13/65). Suppose g + 180 = 5*r. What is the remainder when r is divided by 24?
21
Suppose 5*l - 2*l - 111 = 0. Let r = l - 16. Calculate the remainder when r is divided by 6.
3
Let y = 10 - 7. Calculate the remainder when 0 - -1 - (